{"id":381,"date":"2025-04-27T16:41:18","date_gmt":"2025-04-27T14:41:18","guid":{"rendered":"https:\/\/bismarckierung.de\/?page_id=381"},"modified":"2025-04-27T16:41:18","modified_gmt":"2025-04-27T14:41:18","slug":"barrierefreiheit","status":"publish","type":"page","link":"https:\/\/bismarckierung.de\/?page_id=381","title":{"rendered":"Barrierefreiheit"},"content":{"rendered":"\n<p><strong>Erkl\u00e4rung zur Barrierefreiheit dieser Website<\/strong><br><br>Wir m\u00f6chten diese Website f\u00fcr alle Menschen barrierefrei zug\u00e4nglich machen. Deshalb arbeiten wir stetig an der Verbesserung der Barrierefreiheit. Dabei gelten f\u00fcr uns die Anforderungen der BITV 2.0 (Barrierefreie Informationstechnik-Verordnung).<br><br>Bitte schreiben Sie uns oder rufen Sie bei uns an, wenn Sie weitere Probleme mit unserer Website haben oder einen Text nicht verstehen.<br><br>Otto-von-Bismarck-Stiftung d.\u00f6.R.<br>Am Bahnhof 2<br>21521 Friedrichsruh<br>Telefon 04104 \u2013 97710<br><a href=\"m&#97;&#105;&#x6c;&#x74;o:&#105;&#110;&#x66;&#x6f;&#64;b&#105;&#115;&#x6d;&#x61;rc&#107;&#x2d;&#x73;&#x74;i&#102;&#116;&#x75;&#x6e;&#x67;&#46;&#100;&#101;\">E-Mail<\/a><br><br>Wenn Sie mit unserer Antwort nicht zufrieden sind, k\u00f6nnen Sie diese Schlichtungsstelle um Vermittlung bitten:<br><br>Schlichtungsstelle nach dem Behindertengleichstellungsgesetz<br>bei dem Beauftragten der Bundesregierung f\u00fcr die Belange von Menschen mit Behinderungen<br>Mauerstra\u00dfe 53<br>10117 Berlin<br>Telefon: 030 18527-2805<br>Fax: 030 18527-2901<br>E-Mail-Adresse: <a href=\"&#x6d;&#97;&#x69;&#108;t&#x6f;&#58;i&#x6e;&#102;&#x6f;&#x40;s&#x63;&#104;l&#x69;&#99;&#x68;&#x74;u&#x6e;&#103;s&#x73;&#116;e&#x6c;&#108;&#x65;&#45;b&#x67;&#103;&#46;&#x64;&#101;\">&#105;&#x6e;f&#x6f;&#64;&#115;&#x63;&#104;&#x6c;i&#99;&#x68;&#116;&#x75;n&#x67;&#x73;&#115;&#x74;e&#x6c;l&#101;&#x2d;&#98;&#x67;g&#46;&#x64;&#101;<\/a><br>Internet: <a href=\"http:\/\/www.schlichtungsstelle-bgg.de\">www.schlichtungsstelle-bgg.de<\/a><\/p>\n\n\n\n<p><\/p>\n","protected":false},"excerpt":{"rendered":"<p>Erkl\u00e4rung zur Barrierefreiheit dieser Website Wir m\u00f6chten diese Website f\u00fcr alle Menschen barrierefrei zug\u00e4nglich machen. Deshalb arbeiten wir stetig an der Verbesserung der Barrierefreiheit. Dabei gelten f\u00fcr uns die Anforderungen der BITV 2.0 (Barrierefreie Informationstechnik-Verordnung). Bitte schreiben Sie uns oder rufen Sie bei uns an, wenn Sie weitere Probleme mit unserer Website haben oder einen &hellip; <a href=\"https:\/\/bismarckierung.de\/?page_id=381\" class=\"more-link\"><span class=\"screen-reader-text\">Barrierefreiheit<\/span> weiterlesen <span class=\"meta-nav\">&rarr;<\/span><\/a><\/p>\n","protected":false},"author":3,"featured_media":0,"parent":0,"menu_order":0,"comment_status":"closed","ping_status":"closed","template":"","meta":{"footnotes":""},"class_list":["post-381","page","type-page","status-publish","hentry"],"_links":{"self":[{"href":"https:\/\/bismarckierung.de\/index.php?rest_route=\/wp\/v2\/pages\/381","targetHints":{"allow":["GET"]}}],"collection":[{"href":"https:\/\/bismarckierung.de\/index.php?rest_route=\/wp\/v2\/pages"}],"about":[{"href":"https:\/\/bismarckierung.de\/index.php?rest_route=\/wp\/v2\/types\/page"}],"author":[{"embeddable":true,"href":"https:\/\/bismarckierung.de\/index.php?rest_route=\/wp\/v2\/users\/3"}],"replies":[{"embeddable":true,"href":"https:\/\/bismarckierung.de\/index.php?rest_route=%2Fwp%2Fv2%2Fcomments&post=381"}],"version-history":[{"count":1,"href":"https:\/\/bismarckierung.de\/index.php?rest_route=\/wp\/v2\/pages\/381\/revisions"}],"predecessor-version":[{"id":382,"href":"https:\/\/bismarckierung.de\/index.php?rest_route=\/wp\/v2\/pages\/381\/revisions\/382"}],"wp:attachment":[{"href":"https:\/\/bismarckierung.de\/index.php?rest_route=%2Fwp%2Fv2%2Fmedia&parent=381"}],"curies":[{"name":"wp","href":"https:\/\/api.w.org\/{rel}","templated":true}]}}