{"id":297,"date":"2020-09-15T12:10:06","date_gmt":"2020-09-15T10:10:06","guid":{"rendered":"http:\/\/bismarckierung.de\/?page_id=297"},"modified":"2020-09-15T12:24:05","modified_gmt":"2020-09-15T10:24:05","slug":"bismarck-orte-rund-um-den-globus","status":"publish","type":"page","link":"https:\/\/bismarckierung.de\/","title":{"rendered":"Bismarck-Orte rund um den Globus"},"content":{"rendered":"\n<p>Wie kein zweiter Politiker erfuhr <a href=\"https:\/\/www.bismarck-stiftung.de\/otto-von-bismarck\/\" data-type=\"URL\" data-id=\"https:\/\/www.bismarck-stiftung.de\/otto-von-bismarck\/\">Otto von Bismarck (1815-1898)<\/a> schon zu Lebzeiten, vor allem aber in den Jahrzehnten nach seinem Tod kultische Verehrung. Um an ihn und seine Politik zu erinnern, erschien nicht nur eine F\u00fclle apologetischer Literatur, sondern es wurden mehr als 200 Bismarck-Denkm\u00e4ler, -T\u00fcrme und -S\u00e4ulen errichtet und nicht nur in Deutschland unz\u00e4hlige Stra\u00dfen, Pl\u00e4tze, Stadtteile, Schulen, Gasth\u00e4user oder Apotheken nach ihm benannt. Damit ist er auch im 21. Jahrhundert im Alltag pr\u00e4senter als jeder andere Politiker oder jede andere Politikerin Europas. Dieses bisweilen befremdlich wirkende Ehrregime im \u00f6ffentlichen Raum entstand nicht durch beh\u00f6rdliche Lenkung wie bei den Personenkulten der Diktaturen des 20. Jahrhunderts \u2013 Bismarck-Orte breiteten sich vielmehr durch lokale Initiativen gewisserma\u00dfen als Wildwuchs aus. Ob ein Findling mit einer Inschrift versehen oder eine teure Bronzestatue aufgestellt wurde, eine Farm in Australien oder ein Schlachtschiff auf ihn getauft wurde, hing von lokalen Gegebenheiten ab, die von keiner Stelle gesteuert oder verzeichnet wurden.<\/p>\n\n\n\n<figure class=\"wp-block-gallery columns-2 is-cropped wp-block-gallery-1 is-layout-flex wp-block-gallery-is-layout-flex\"><ul class=\"blocks-gallery-grid\"><li class=\"blocks-gallery-item\"><figure><img loading=\"lazy\" decoding=\"async\" width=\"1024\" height=\"682\" src=\"https:\/\/bismarckierung.de\/wp-content\/uploads\/2020\/09\/Bismarck-Denkmal-in-Essen-1899-im-Suedviertel-am-Bismarckplatz-errichtet_Wikimedia-Commons-1024x682.jpg\" alt=\"\" data-id=\"230\" data-full-url=\"https:\/\/bismarckierung.de\/wp-content\/uploads\/2020\/09\/Bismarck-Denkmal-in-Essen-1899-im-Suedviertel-am-Bismarckplatz-errichtet_Wikimedia-Commons.jpg\" data-link=\"https:\/\/bismarckierung.de\/?attachment_id=230\" class=\"wp-image-230\" srcset=\"https:\/\/bismarckierung.de\/wp-content\/uploads\/2020\/09\/Bismarck-Denkmal-in-Essen-1899-im-Suedviertel-am-Bismarckplatz-errichtet_Wikimedia-Commons-1024x682.jpg 1024w, https:\/\/bismarckierung.de\/wp-content\/uploads\/2020\/09\/Bismarck-Denkmal-in-Essen-1899-im-Suedviertel-am-Bismarckplatz-errichtet_Wikimedia-Commons-300x200.jpg 300w, https:\/\/bismarckierung.de\/wp-content\/uploads\/2020\/09\/Bismarck-Denkmal-in-Essen-1899-im-Suedviertel-am-Bismarckplatz-errichtet_Wikimedia-Commons-768x512.jpg 768w, https:\/\/bismarckierung.de\/wp-content\/uploads\/2020\/09\/Bismarck-Denkmal-in-Essen-1899-im-Suedviertel-am-Bismarckplatz-errichtet_Wikimedia-Commons.jpg 1280w\" sizes=\"auto, (max-width: 1024px) 100vw, 1024px\" \/><figcaption class=\"blocks-gallery-item__caption\">Das Bismarck-Denkmal in Essen (CC BY-SA 4.0)<\/figcaption><\/figure><\/li><li class=\"blocks-gallery-item\"><figure><img loading=\"lazy\" decoding=\"async\" width=\"1024\" height=\"659\" src=\"https:\/\/bismarckierung.de\/wp-content\/uploads\/2020\/09\/1-Postkarte-Bismarck-Denkmal-1024x659.jpg\" alt=\"\" data-id=\"282\" data-full-url=\"https:\/\/bismarckierung.de\/wp-content\/uploads\/2020\/09\/1-Postkarte-Bismarck-Denkmal.jpg\" data-link=\"https:\/\/bismarckierung.de\/?attachment_id=282\" class=\"wp-image-282\" srcset=\"https:\/\/bismarckierung.de\/wp-content\/uploads\/2020\/09\/1-Postkarte-Bismarck-Denkmal-1024x659.jpg 1024w, https:\/\/bismarckierung.de\/wp-content\/uploads\/2020\/09\/1-Postkarte-Bismarck-Denkmal-300x193.jpg 300w, https:\/\/bismarckierung.de\/wp-content\/uploads\/2020\/09\/1-Postkarte-Bismarck-Denkmal-768x494.jpg 768w, https:\/\/bismarckierung.de\/wp-content\/uploads\/2020\/09\/1-Postkarte-Bismarck-Denkmal-1536x989.jpg 1536w, https:\/\/bismarckierung.de\/wp-content\/uploads\/2020\/09\/1-Postkarte-Bismarck-Denkmal-2048x1318.jpg 2048w\" sizes=\"auto, (max-width: 1024px) 100vw, 1024px\" \/><figcaption class=\"blocks-gallery-item__caption\">Bismarck-Denkmal in Hamburg<\/figcaption><\/figure><\/li><\/ul><\/figure>\n\n\n\n<p>Mit dem Projekt \u201eBismarckierung\u201c wird ein <a href=\"https:\/\/bismarckierung.de\/?page_id=86\" data-type=\"page\" data-id=\"86\">weltweiter \u00dcberblick<\/a> auf die vielgestaltigen Bismarck-Orte geschaffen. Als technisches Hilfsmittel dient dazu Google Maps, dort k\u00f6nnen Pins gesetzt und diese um einen Text, ein Bild oder einen Link erg\u00e4nzt werden. Auf diese Weise entsteht eine Topographie des einstigen Bismarck-Gedenkens, die den l\u00e4ngst verblassten Kult nicht ein zweites Mal \u201efeiert\u201c, sondern als Grundlage f\u00fcr wissenschaftliche Fragen \u00fcber seine Entstehung und Verbreitung und ihr \u00dcberdauern hilft, ihn zu dekonstruieren. Hierf\u00fcr sind nicht nur die Art des betreffenden Ortes oder die Beschaffenheit und Lage eines Denkmals entscheidend, sondern vor die zeitliche Dimension:<\/p>\n\n\n\n<p>Was sagt es zum Beispiel \u00fcber eine Stadt in den neuen Bundesl\u00e4ndern aus, wenn sie nach 1990 eine Stra\u00dfe, die vormals nach einer sozialistischen Vorzeigefigur benannt war, in \u201eBismarckstra\u00dfe\u201c umtaufte? Wohin wurden Bismarck-Denkm\u00e4ler umgesetzt? In welchem st\u00e4dtebaulichen Kontext stehen die einst w\u00fcrdevoll platzierten Figuren heute? Wie wurde mit Bismarck-Orten in ehemaligen deutschen Ostgebieten umgegangen? Was geschah mit Bismarck-Benennungen in deutschen Kolonien oder dort, wohin deutschen Auswanderer ihn nach \u00dcbersee noch mitgenommen hatten? Und weshalb ist der eine Bismarckturm ein liebevoll gepflegtes Denkmal und der andere eine graffiti\u00fcbers\u00e4te Ruine?<\/p>\n\n\n\n<figure class=\"wp-block-gallery columns-2 is-cropped wp-block-gallery-2 is-layout-flex wp-block-gallery-is-layout-flex\"><ul class=\"blocks-gallery-grid\"><li class=\"blocks-gallery-item\"><figure><img loading=\"lazy\" decoding=\"async\" width=\"984\" height=\"654\" src=\"https:\/\/bismarckierung.de\/wp-content\/uploads\/2020\/09\/Assenhausen-Postkarte.jpg\" alt=\"\" data-id=\"303\" data-full-url=\"https:\/\/bismarckierung.de\/wp-content\/uploads\/2020\/09\/Assenhausen-Postkarte.jpg\" data-link=\"https:\/\/bismarckierung.de\/?attachment_id=303\" class=\"wp-image-303\" srcset=\"https:\/\/bismarckierung.de\/wp-content\/uploads\/2020\/09\/Assenhausen-Postkarte.jpg 984w, https:\/\/bismarckierung.de\/wp-content\/uploads\/2020\/09\/Assenhausen-Postkarte-300x199.jpg 300w, https:\/\/bismarckierung.de\/wp-content\/uploads\/2020\/09\/Assenhausen-Postkarte-768x510.jpg 768w\" sizes=\"auto, (max-width: 984px) 100vw, 984px\" \/><figcaption class=\"blocks-gallery-item__caption\">Bismarck-Turm am Starnberger See<\/figcaption><\/figure><\/li><li class=\"blocks-gallery-item\"><figure><img loading=\"lazy\" decoding=\"async\" width=\"1024\" height=\"768\" src=\"https:\/\/bismarckierung.de\/wp-content\/uploads\/2020\/09\/Bismarckhaeuschen-in-Goettingen-1024x768.jpg\" alt=\"\" data-id=\"302\" data-full-url=\"https:\/\/bismarckierung.de\/wp-content\/uploads\/2020\/09\/Bismarckhaeuschen-in-Goettingen-scaled.jpg\" data-link=\"https:\/\/bismarckierung.de\/?attachment_id=302\" class=\"wp-image-302\" srcset=\"https:\/\/bismarckierung.de\/wp-content\/uploads\/2020\/09\/Bismarckhaeuschen-in-Goettingen-1024x768.jpg 1024w, https:\/\/bismarckierung.de\/wp-content\/uploads\/2020\/09\/Bismarckhaeuschen-in-Goettingen-300x225.jpg 300w, https:\/\/bismarckierung.de\/wp-content\/uploads\/2020\/09\/Bismarckhaeuschen-in-Goettingen-768x576.jpg 768w, https:\/\/bismarckierung.de\/wp-content\/uploads\/2020\/09\/Bismarckhaeuschen-in-Goettingen-1536x1152.jpg 1536w, https:\/\/bismarckierung.de\/wp-content\/uploads\/2020\/09\/Bismarckhaeuschen-in-Goettingen-2048x1536.jpg 2048w\" sizes=\"auto, (max-width: 1024px) 100vw, 1024px\" \/><figcaption class=\"blocks-gallery-item__caption\">Bismarck-H\u00e4uschen in G\u00f6ttingen<\/figcaption><\/figure><\/li><\/ul><\/figure>\n\n\n\n<p>Die \u201eBismarckierung\u201c ist ein Gemeinschaftsprojekt f\u00fcr alle historisch Interessierten, betreut wird es von der <a href=\"https:\/\/www.bismarck-stiftung.de\/\" data-type=\"URL\" data-id=\"https:\/\/www.bismarck-stiftung.de\/\">Otto-von-Bismarck-Stiftung<\/a>. Teilen Sie uns gerne einen noch nicht verzeichneten Bismarck-Ort mit, weitere Informationen finden Sie unter <a href=\"https:\/\/bismarckierung.de\/?page_id=85\" data-type=\"page\" data-id=\"85\">Mitmachen!<\/a><\/p>\n\n\n\n<p><\/p>\n","protected":false},"excerpt":{"rendered":"<p>Wie kein zweiter Politiker erfuhr Otto von Bismarck (1815-1898) schon zu Lebzeiten, vor allem aber in den Jahrzehnten nach seinem Tod kultische Verehrung. Um an ihn und seine Politik zu erinnern, erschien nicht nur eine F\u00fclle apologetischer Literatur, sondern es wurden mehr als 200 Bismarck-Denkm\u00e4ler, -T\u00fcrme und -S\u00e4ulen errichtet und nicht nur in Deutschland unz\u00e4hlige &hellip; <a href=\"https:\/\/bismarckierung.de\/\" class=\"more-link\"><span class=\"screen-reader-text\">Bismarck-Orte rund um den Globus<\/span> weiterlesen <span class=\"meta-nav\">&rarr;<\/span><\/a><\/p>\n","protected":false},"author":3,"featured_media":0,"parent":0,"menu_order":0,"comment_status":"closed","ping_status":"closed","template":"","meta":{"footnotes":""},"class_list":["post-297","page","type-page","status-publish","hentry"],"_links":{"self":[{"href":"https:\/\/bismarckierung.de\/index.php?rest_route=\/wp\/v2\/pages\/297","targetHints":{"allow":["GET"]}}],"collection":[{"href":"https:\/\/bismarckierung.de\/index.php?rest_route=\/wp\/v2\/pages"}],"about":[{"href":"https:\/\/bismarckierung.de\/index.php?rest_route=\/wp\/v2\/types\/page"}],"author":[{"embeddable":true,"href":"https:\/\/bismarckierung.de\/index.php?rest_route=\/wp\/v2\/users\/3"}],"replies":[{"embeddable":true,"href":"https:\/\/bismarckierung.de\/index.php?rest_route=%2Fwp%2Fv2%2Fcomments&post=297"}],"version-history":[{"count":4,"href":"https:\/\/bismarckierung.de\/index.php?rest_route=\/wp\/v2\/pages\/297\/revisions"}],"predecessor-version":[{"id":305,"href":"https:\/\/bismarckierung.de\/index.php?rest_route=\/wp\/v2\/pages\/297\/revisions\/305"}],"wp:attachment":[{"href":"https:\/\/bismarckierung.de\/index.php?rest_route=%2Fwp%2Fv2%2Fmedia&parent=297"}],"curies":[{"name":"wp","href":"https:\/\/api.w.org\/{rel}","templated":true}]}}

<p>Wie kein zweiter Politiker erfuhr <a href="https://www.bismarck-stiftung.de/otto-von-bismarck/" data-type="URL" data-id="https://www.bismarck-stiftung.de/otto-von-bismarck/">Otto von Bismarck (1815-1898)</a> schon zu Lebzeiten, vor allem aber in den Jahrzehnten nach seinem Tod kultische Verehrung. Um an ihn und seine Politik zu erinnern, erschien nicht nur eine Fülle apologetischer Literatur, sondern es wurden mehr als 200 Bismarck-Denkmäler, -Türme und -Säulen errichtet und nicht nur in Deutschland unzählige Straßen, Plätze, Stadtteile, Schulen, Gasthäuser oder Apotheken nach ihm benannt. Damit ist er auch im 21. Jahrhundert im Alltag präsenter als jeder andere Politiker oder jede andere Politikerin Europas. Dieses bisweilen befremdlich wirkende Ehrregime im öffentlichen Raum entstand nicht durch behördliche Lenkung wie bei den Personenkulten der Diktaturen des 20. Jahrhunderts – Bismarck-Orte breiteten sich vielmehr durch lokale Initiativen gewissermaßen als Wildwuchs aus. Ob ein Findling mit einer Inschrift versehen oder eine teure Bronzestatue aufgestellt wurde, eine Farm in Australien oder ein Schlachtschiff auf ihn getauft wurde, hing von lokalen Gegebenheiten ab, die von keiner Stelle gesteuert oder verzeichnet wurden.</p>



<figure class="wp-block-gallery columns-2 is-cropped wp-block-gallery-1 is-layout-flex wp-block-gallery-is-layout-flex"><ul class="blocks-gallery-grid"><li class="blocks-gallery-item"><figure><img loading="lazy" decoding="async" width="1024" height="682" src="https://bismarckierung.de/wp-content/uploads/2020/09/Bismarck-Denkmal-in-Essen-1899-im-Suedviertel-am-Bismarckplatz-errichtet_Wikimedia-Commons-1024x682.jpg" alt="" data-id="230" data-full-url="https://bismarckierung.de/wp-content/uploads/2020/09/Bismarck-Denkmal-in-Essen-1899-im-Suedviertel-am-Bismarckplatz-errichtet_Wikimedia-Commons.jpg" data-link="https://bismarckierung.de/?attachment_id=230" class="wp-image-230" srcset="https://bismarckierung.de/wp-content/uploads/2020/09/Bismarck-Denkmal-in-Essen-1899-im-Suedviertel-am-Bismarckplatz-errichtet_Wikimedia-Commons-1024x682.jpg 1024w, https://bismarckierung.de/wp-content/uploads/2020/09/Bismarck-Denkmal-in-Essen-1899-im-Suedviertel-am-Bismarckplatz-errichtet_Wikimedia-Commons-300x200.jpg 300w, https://bismarckierung.de/wp-content/uploads/2020/09/Bismarck-Denkmal-in-Essen-1899-im-Suedviertel-am-Bismarckplatz-errichtet_Wikimedia-Commons-768x512.jpg 768w, https://bismarckierung.de/wp-content/uploads/2020/09/Bismarck-Denkmal-in-Essen-1899-im-Suedviertel-am-Bismarckplatz-errichtet_Wikimedia-Commons.jpg 1280w" sizes="auto, (max-width: 1024px) 100vw, 1024px" /><figcaption class="blocks-gallery-item__caption">Das Bismarck-Denkmal in Essen (CC BY-SA 4.0)</figcaption></figure></li><li class="blocks-gallery-item"><figure><img loading="lazy" decoding="async" width="1024" height="659" src="https://bismarckierung.de/wp-content/uploads/2020/09/1-Postkarte-Bismarck-Denkmal-1024x659.jpg" alt="" data-id="282" data-full-url="https://bismarckierung.de/wp-content/uploads/2020/09/1-Postkarte-Bismarck-Denkmal.jpg" data-link="https://bismarckierung.de/?attachment_id=282" class="wp-image-282" srcset="https://bismarckierung.de/wp-content/uploads/2020/09/1-Postkarte-Bismarck-Denkmal-1024x659.jpg 1024w, https://bismarckierung.de/wp-content/uploads/2020/09/1-Postkarte-Bismarck-Denkmal-300x193.jpg 300w, https://bismarckierung.de/wp-content/uploads/2020/09/1-Postkarte-Bismarck-Denkmal-768x494.jpg 768w, https://bismarckierung.de/wp-content/uploads/2020/09/1-Postkarte-Bismarck-Denkmal-1536x989.jpg 1536w, https://bismarckierung.de/wp-content/uploads/2020/09/1-Postkarte-Bismarck-Denkmal-2048x1318.jpg 2048w" sizes="auto, (max-width: 1024px) 100vw, 1024px" /><figcaption class="blocks-gallery-item__caption">Bismarck-Denkmal in Hamburg</figcaption></figure></li></ul></figure>



<p>Mit dem Projekt „Bismarckierung“ wird ein <a href="https://bismarckierung.de/?page_id=86" data-type="page" data-id="86">weltweiter Überblick</a> auf die vielgestaltigen Bismarck-Orte geschaffen. Als technisches Hilfsmittel dient dazu Google Maps, dort können Pins gesetzt und diese um einen Text, ein Bild oder einen Link ergänzt werden. Auf diese Weise entsteht eine Topographie des einstigen Bismarck-Gedenkens, die den längst verblassten Kult nicht ein zweites Mal „feiert“, sondern als Grundlage für wissenschaftliche Fragen über seine Entstehung und Verbreitung und ihr Überdauern hilft, ihn zu dekonstruieren. Hierfür sind nicht nur die Art des betreffenden Ortes oder die Beschaffenheit und Lage eines Denkmals entscheidend, sondern vor die zeitliche Dimension:</p>



<p>Was sagt es zum Beispiel über eine Stadt in den neuen Bundesländern aus, wenn sie nach 1990 eine Straße, die vormals nach einer sozialistischen Vorzeigefigur benannt war, in „Bismarckstraße“ umtaufte? Wohin wurden Bismarck-Denkmäler umgesetzt? In welchem städtebaulichen Kontext stehen die einst würdevoll platzierten Figuren heute? Wie wurde mit Bismarck-Orten in ehemaligen deutschen Ostgebieten umgegangen? Was geschah mit Bismarck-Benennungen in deutschen Kolonien oder dort, wohin deutschen Auswanderer ihn nach Übersee noch mitgenommen hatten? Und weshalb ist der eine Bismarckturm ein liebevoll gepflegtes Denkmal und der andere eine graffitiübersäte Ruine?</p>



<figure class="wp-block-gallery columns-2 is-cropped wp-block-gallery-2 is-layout-flex wp-block-gallery-is-layout-flex"><ul class="blocks-gallery-grid"><li class="blocks-gallery-item"><figure><img loading="lazy" decoding="async" width="984" height="654" src="https://bismarckierung.de/wp-content/uploads/2020/09/Assenhausen-Postkarte.jpg" alt="" data-id="303" data-full-url="https://bismarckierung.de/wp-content/uploads/2020/09/Assenhausen-Postkarte.jpg" data-link="https://bismarckierung.de/?attachment_id=303" class="wp-image-303" srcset="https://bismarckierung.de/wp-content/uploads/2020/09/Assenhausen-Postkarte.jpg 984w, https://bismarckierung.de/wp-content/uploads/2020/09/Assenhausen-Postkarte-300x199.jpg 300w, https://bismarckierung.de/wp-content/uploads/2020/09/Assenhausen-Postkarte-768x510.jpg 768w" sizes="auto, (max-width: 984px) 100vw, 984px" /><figcaption class="blocks-gallery-item__caption">Bismarck-Turm am Starnberger See</figcaption></figure></li><li class="blocks-gallery-item"><figure><img loading="lazy" decoding="async" width="1024" height="768" src="https://bismarckierung.de/wp-content/uploads/2020/09/Bismarckhaeuschen-in-Goettingen-1024x768.jpg" alt="" data-id="302" data-full-url="https://bismarckierung.de/wp-content/uploads/2020/09/Bismarckhaeuschen-in-Goettingen-scaled.jpg" data-link="https://bismarckierung.de/?attachment_id=302" class="wp-image-302" srcset="https://bismarckierung.de/wp-content/uploads/2020/09/Bismarckhaeuschen-in-Goettingen-1024x768.jpg 1024w, https://bismarckierung.de/wp-content/uploads/2020/09/Bismarckhaeuschen-in-Goettingen-300x225.jpg 300w, https://bismarckierung.de/wp-content/uploads/2020/09/Bismarckhaeuschen-in-Goettingen-768x576.jpg 768w, https://bismarckierung.de/wp-content/uploads/2020/09/Bismarckhaeuschen-in-Goettingen-1536x1152.jpg 1536w, https://bismarckierung.de/wp-content/uploads/2020/09/Bismarckhaeuschen-in-Goettingen-2048x1536.jpg 2048w" sizes="auto, (max-width: 1024px) 100vw, 1024px" /><figcaption class="blocks-gallery-item__caption">Bismarck-Häuschen in Göttingen</figcaption></figure></li></ul></figure>



<p>Die „Bismarckierung“ ist ein Gemeinschaftsprojekt für alle historisch Interessierten, betreut wird es von der <a href="https://www.bismarck-stiftung.de/" data-type="URL" data-id="https://www.bismarck-stiftung.de/">Otto-von-Bismarck-Stiftung</a>. Teilen Sie uns gerne einen noch nicht verzeichneten Bismarck-Ort mit, weitere Informationen finden Sie unter <a href="https://bismarckierung.de/?page_id=85" data-type="page" data-id="85">Mitmachen!</a></p>



<p></p>

<p>Wie kein zweiter Politiker erfuhr Otto von Bismarck (1815-1898) schon zu Lebzeiten, vor allem aber in den Jahrzehnten nach seinem Tod kultische Verehrung. Um an ihn und seine Politik zu erinnern, erschien nicht nur eine Fülle apologetischer Literatur, sondern es wurden mehr als 200 Bismarck-Denkmäler, -Türme und -Säulen errichtet und nicht nur in Deutschland unzählige &hellip; <a href="https://bismarckierung.de/" class="more-link"><span class="screen-reader-text">Bismarck-Orte rund um den Globus</span> weiterlesen <span class="meta-nav">&rarr;</span></a></p>
